63
What are the prime factors of 13806485?
5, 7, 11, 47, 109
What are the prime factors of 34050600?
2, 3, 5, 18917
What are the prime factors of 61382425?
5, 13, 188869
What are the prime factors of 1014925619?
17, 59701507
List the prime factors of 44812940.
2, 5, 2240647
List the prime factors of 3964133619.
3, 433, 1017227
List the prime factors of 36660450.
2, 3, 5, 244403
What are the prime factors of 751612823?
13, 17, 3400963
List the prime factors of 737777300.
2, 5, 13, 59, 9619
List the prime factors of 1892065108.
2, 251, 1884527
List the prime factors of 7680099894.
2, 3, 17, 179, 547, 769
List the prime factors of 198477253.
13, 3343, 4567
What are the prime factors of 461319699?
3, 153773233
List the prime factors of 202034375.
5, 17, 3803
What are the prime factors of 755225164?
2, 89, 421, 5039
What are the prime factors of 15101971?
727, 20773
List the prime factors of 105020011.
19, 331, 16699
What are the prime factors of 73602388?
2, 18400597
What are the prime factors of 4881977505?
3, 5, 97, 1118437
What are the prime factors of 1842330078?
2, 3, 113, 905767
List the prime factors of 3782207715.
3, 5, 11, 13, 157, 1021
What are the prime factors of 805254567?
3, 13, 20647553
List the prime factors of 133230137.
907, 146891
List the prime factors of 17975574.
2, 3, 332881
List the prime factors of 346953003.
3, 115651001
What are the prime factors of 4198426?
2, 2099213
List the prime factors of 1300114401.
3, 433371467
What are the prime factors of 87260266?
2, 43630133
What are the prime factors of 2641625820?
2, 3, 5, 14675699
What are the prime factors of 4448528160?
2, 3, 5, 9267767
What are the prime factors of 260023738?
2, 13, 17, 59
List the prime factors of 210378382.
2, 105189191
What are the prime factors of 64053448?
2, 673, 11897
What are the prime factors of 159869399?
43, 3717893
List the prime factors of 512440665.
3, 5, 11, 59, 52639
What are the prime factors of 7313100150?
2, 3, 5, 59, 826339
List the prime factors of 502458376.
2, 7, 467, 19213
List the prime factors of 51762779.
51762779
What are the prime factors of 1209231428?
2, 1997, 151381
What are the prime factors of 24132707?
17, 229, 6199
List the prime factors of 658185117.
3, 383, 572833
What are the prime factors of 130034008?
2, 13, 96179
List the prime factors of 12036849.
3, 11, 364753
List the prime factors of 838646288.
2, 89, 588937
List the prime factors of 2058040526.
2, 1029020263
What are the prime factors of 50807356?
2, 17, 43951
List the prime factors of 877436417.
11, 13, 6135919
What are the prime factors of 9331751074?
2, 641, 7279057
List the prime factors of 111739454.
2, 55869727
What are the prime factors of 35993863?
83, 433661
What are the prime factors of 118064938?
2, 1999, 29531
What are the prime factors of 120379888?
2, 643, 11701
List the prime factors of 514056025.
5, 7, 2937463
List the prime factors of 27783659.
131, 1619
List the prime factors of 5783538974.
2, 181, 15976627
List the prime factors of 45436867.
7, 132469
List the prime factors of 72869688.
2, 3, 1012079
What are the prime factors of 335827180?
2, 5, 13, 17, 75979
List the prime factors of 543145817.
587, 925291
List the prime factors of 102553710.
2, 3, 5, 7, 41, 43, 277
List the prime factors of 6852813.
3, 11, 207661
What are the prime factors of 33345406?
2, 61, 273323
List the prime factors of 1132347642.
2, 3, 188724607
What are the prime factors of 2069171940?
2, 3, 5, 11, 53, 149, 397
What are the prime factors of 314688356?
2, 1061, 74149
List the prime factors of 110517855.
3, 5, 7, 1052551
What are the prime factors of 403760484?
2, 3, 401, 9323
List the prime factors of 952450170.
2, 3, 5, 7, 1571, 2887
List the prime factors of 757585436.
2, 337, 562007
List the prime factors of 37381802.
2, 18690901
What are the prime factors of 53841514?
2, 26920757
What are the prime factors of 1455029598?
2, 3, 11, 137, 14629
List the prime factors of 167922214.
2, 3673, 22859
List the prime factors of 372628930.
2, 5, 283, 131671
What are the prime factors of 1099904699?
19, 4903, 11807
List the prime factors of 71579321.
11, 6507211
What are the prime factors of 130494390?
2, 3, 5, 13, 41, 8161
What are the prime factors of 37674364?
2, 7, 13, 29, 43, 83
List the prime factors of 59613461.
4673, 12757
List the prime factors of 1548558506.
2, 11, 70389023
What are the prime factors of 159471207?
3, 7, 843763
What are the prime factors of 214707310?
2, 5, 449, 47819
What are the prime factors of 836429813?
47, 1301, 13679
List the prime factors of 212951880.
2, 3, 5, 53, 11161
What are the prime factors of 238341865?
5, 29, 419, 3923
List the prime factors of 2615266259.
167, 271, 57787
List the prime factors of 3134850505.
5, 3527, 177763
List the prime factors of 2310255727.
13, 4481, 39659
List the prime factors of 733506781.
7, 461, 227303
What are the prime factors of 641999310?
2, 3, 5, 21399977
What are the prime factors of 169768566?
2, 3, 11, 23, 3389
What are the prime factors of 4922057?
7, 53, 13267
What are the prime factors of 230814869?
19, 1423, 8537
What are the prime factors of 81324679?
8831, 9209
List the prime factors of 564679970.
2, 5, 2549, 22153
What are the prime factors of 2356391766?
2, 3, 53, 7410037
List the prime factors of 415818908.
2, 337, 373, 827
List the prime factors of 4864469616.
2, 3, 233, 144983
What are the prime factors of 370681106?
2, 1759, 105367
What are the prime factors of 686783243?
23, 241, 5387
List the prime factors of 3276128470.
2, 5, 3779, 86693
List the prime factors of 194382644.
2, 127, 382643
What are the prime factors of 1069548954?
2, 3, 178258159
List the prime factors of 20350427.
709, 28703
What are the prime factors of 317113790?
2, 5, 7, 59, 1567
List the prime factors of 18339178.
2, 11, 13, 64123
List the prime factors of 3925954707.
3, 1308651569
What are the prime factors of 2308543416?
2, 3, 71, 50177
What are the prime factors of 151633194?
2, 3, 67, 377197
List the prime factors of 555162286.
2, 7, 2311, 17159
List the prime factors of 6603601.
1283, 5147
List the prime factors of 5582185156.
2, 1395546289
List the prime factors of 732990029.
251, 2920279
What are the prime factors of 85932079?
19, 238039
What are the prime factors of 40756123?
17, 757, 3167
What are the prime factors of 6729399410?
2, 5, 263, 823, 3109
List the prime factors of 677433519.
3, 7, 1009, 10657
What are the prime factors of 803850913?
29, 911, 30427
What are the prime factors of 87941243?
13, 6764711
List the prime factors of 38253486.
2, 3, 37, 172313
List the prime factors of 450332433.
3, 19, 23, 38167
List the prime factors of 185204151.
3, 11, 193, 359
What are the prime factors of 27335593?
1471, 18583
List the prime factors of 58652502.
2, 3, 1367, 7151
List the prime factors of 1594350180.
2, 3, 5, 8857501
List the prime factors of 3258788.
2, 13, 29, 2161
List the prime factors of 17731114.
2, 23, 61, 71, 89
What are the prime factors of 548678276?
2, 19, 67, 277, 389
List the prime factors of 136897156.
2, 11, 3111299
What are the prime factors of 88635470?
2, 5, 7, 11, 43, 2677
What are the prime factors of 732761657?
19, 38566403
What are the prime factors of 914221895?
5, 41, 4459619
List the prime factors of 1664146924.
2, 11, 37821521
What are the prime factors of 46460617?
7, 577, 11503
List the prime factors of 179810996.
2, 59, 263, 2897
List the prime factors of 2790555986.
2, 229, 6092917
What are the prime factors of 727330?
2, 5, 72733
What are the prime factors of 53534576?
2, 61, 54851
List the prime factors of 284863609.
284863609
What are the prime factors of 1762047021?
3, 7, 109, 769789
What are the prime factors of 3654621660?
2, 3, 5, 59, 277, 3727
List the prime factors of 66060540.
2, 3, 5, 7, 13, 37, 109
List the prime factors of 4146496450.
2, 5, 31, 43, 62213
List the prime factors of 645263870.
2, 5, 53, 149, 8171
What are the prime factors of 1384105346?
2, 13, 53234821
List the prime factors of 15397706.
2, 7698853
List the prime factors of 810477838.
2, 405238919
List the prime factors of 787146965.
5, 11, 877, 16319
What are the prime factors of 6625803?
3, 2208601
What are the prime factors of 2226195671?
7, 61, 167, 31219
What are the prime fa